{"id":77,"date":"2014-08-14T16:50:58","date_gmt":"2014-08-14T16:50:58","guid":{"rendered":"http:\/\/www.ftv-kegeln.de\/?page_id=77"},"modified":"2014-08-14T16:51:32","modified_gmt":"2014-08-14T16:51:32","slug":"entstehung","status":"publish","type":"page","link":"https:\/\/ftvkegeln.ddns.net\/?page_id=77","title":{"rendered":"Entstehung"},"content":{"rendered":"<p><strong>Woher wir kommen: Schoppenkegeln<\/strong><\/p>\n<p>Schon im Jahr 1870 fanden sich einige Turner zu unterhaltsamen Kegelrunden zusammen und gr\u00fcndeten eine Montagsgesellschaft und eine Dienstags-Kegelgesellschaft. Letztere nannte sich \u201eScheene Junge Leut\u201c von 1870 im FTV1860\u201c. W\u00e4hrend sich die Montagsgesellschaft nach dem 2. Weltkrieg, bedingt durch die Zerst\u00f6rung der Halle mit angeschlossener Kegelbahn aufl\u00f6ste, bestand die Dienstags-Kegelgesellschaft bis 2010.<\/p>\n<p><strong>Sportkegeln beim FTV1860 \u2013 Frankfurter Keglerverein<\/strong>.<\/p>\n<p>Der FTV1860 bestand aus vielen Abteilungen, eine Kegelabteilung geh\u00f6rte zun\u00e4chst nicht dazu. Im Krieg wurde in den Bombenn\u00e4chten 1944 in Frankfurt viel zerst\u00f6rt, u.a. verlor auch der Frankfurter Keglerverein sein mit 16 Bahnen versehenes Heim.<\/p>\n<p>Der Wiederaufbau der Turnhalle, in 1950 gestartet, scheiterte bald an den finanziellen Gegebenheiten. In 1951 wurde mit dem Frankfurter Keglerverein vereinbart, dass der FTV 1860 bei einem Neubau der Turnhalle im Erdgeschoss 8 Bahnen errichtet und diese an den KV Frankfurt verpachtet. Der KV Frankfurt gew\u00e4hrte ein Darlehen, durch die zu erwartenden Pachteinnamen konnte der FTV 1860 die Finanzierung sichern. Am 22. Februar erfolgte in w\u00fcrdiger Feier die Freigabe der Kegelhahnen, die dann bis zur Aufl\u00f6sung des Pachtvertrages in 1979 vom KV Frankfurt genutzt wurden.<\/p>\n<p><strong>Kegelabteilung FTV1860<\/strong><\/p>\n<p><strong>\u00a0<\/strong>In 1979 wurde dann aus Mitgliedern des Schoppenklubs \u201eScheene Junge Leut\u201c und von anderen Abteilungen die Kegelabteilungen gegr\u00fcndet, die dann auch den Sportbetrieb aufnahm. Im ersten Jahr wurden alle Spiele verloren. Im Jahr 1982 kam der Club \u201eSchwarz-Rot\u201c vom KV Frankfurt zu uns, von da an hatten wir auch einen Clubnamen. In den Folgejahren stie\u00dfen mit den Keglern von Weiss-Blau, Olympia, Falkeneck und Treue-Fest weitere Clubs zu uns. Falkeneck stellte mit der Frauenmannschaft die bisher erfolgreichste Gruppe.<\/p>\n<p>In 2010 fusionierte Schwarz-Rot, Weiss-Blau und Olympia zu FTV 1860, die M\u00e4nner von Falkeneck haben sich 2 Jahre zuvor anderen Clubs angeschlossen, die Frauen wechselten zum KV Riederwald, Treue- Fest l\u00f6ste ich m Jahr 2011 auf.<\/p>\n","protected":false},"excerpt":{"rendered":"<p>Woher wir kommen: Schoppenkegeln Schon im Jahr 1870 fanden sich einige Turner zu unterhaltsamen Kegelrunden zusammen und gr\u00fcndeten eine Montagsgesellschaft und eine Dienstags-Kegelgesellschaft. Letztere nannte sich \u201eScheene Junge Leut\u201c von 1870 im FTV1860\u201c. W\u00e4hrend sich die Montagsgesellschaft nach dem 2. Weltkrieg, bedingt durch die Zerst\u00f6rung der Halle mit angeschlossener Kegelbahn aufl\u00f6ste, bestand die Dienstags-Kegelgesellschaft bis [&hellip;]<\/p>\n","protected":false},"author":1,"featured_media":0,"parent":34,"menu_order":0,"comment_status":"closed","ping_status":"open","template":"","meta":{"footnotes":""},"class_list":["post-77","page","type-page","status-publish","hentry"],"jetpack_shortlink":"https:\/\/wp.me\/PbsRqu-1f","jetpack_sharing_enabled":true,"_links":{"self":[{"href":"https:\/\/ftvkegeln.ddns.net\/index.php?rest_route=\/wp\/v2\/pages\/77"}],"collection":[{"href":"https:\/\/ftvkegeln.ddns.net\/index.php?rest_route=\/wp\/v2\/pages"}],"about":[{"href":"https:\/\/ftvkegeln.ddns.net\/index.php?rest_route=\/wp\/v2\/types\/page"}],"author":[{"embeddable":true,"href":"https:\/\/ftvkegeln.ddns.net\/index.php?rest_route=\/wp\/v2\/users\/1"}],"replies":[{"embeddable":true,"href":"https:\/\/ftvkegeln.ddns.net\/index.php?rest_route=%2Fwp%2Fv2%2Fcomments&post=77"}],"version-history":[{"count":2,"href":"https:\/\/ftvkegeln.ddns.net\/index.php?rest_route=\/wp\/v2\/pages\/77\/revisions"}],"predecessor-version":[{"id":80,"href":"https:\/\/ftvkegeln.ddns.net\/index.php?rest_route=\/wp\/v2\/pages\/77\/revisions\/80"}],"up":[{"embeddable":true,"href":"https:\/\/ftvkegeln.ddns.net\/index.php?rest_route=\/wp\/v2\/pages\/34"}],"wp:attachment":[{"href":"https:\/\/ftvkegeln.ddns.net\/index.php?rest_route=%2Fwp%2Fv2%2Fmedia&parent=77"}],"curies":[{"name":"wp","href":"https:\/\/api.w.org\/{rel}","templated":true}]}}